me number?
True
Is 197219 composite?
True
Is 4111 composite?
False
Is 27637 prime?
False
Is 753569 a composite number?
False
Is 172771 a prime number?
False
Is 1520773 a composite number?
True
Is 23251 composite?
False
Is 19913 composite?
False
Is 2159 prime?
False
Is 72613 composite?
False
Is 3487 prime?
False
Is 25729 a prime number?
False
Is 7981 a prime number?
False
Is 8069 a prime number?
True
Is 85691 a prime number?
True
Is 70489 prime?
True
Is 677309 a composite number?
False
Is 4771 a composite number?
True
Is 18053 a composite number?
True
Is 12679 a composite number?
True
Is 899135 a composite number?
True
Is 17521 a prime number?
False
Is 174779 composite?
True
Is 243313 composite?
True
Is 2477 a prime number?
True
Is 9119 composite?
True
Is 36691 a prime number?
True
Is 336067 composite?
True
Is 4447 prime?
True
Is 60429 prime?
False
Is 51253 composite?
True
Is 140979 a prime number?
False
Is 837359 a composite number?
False
Is 51251 prime?
False
Is 57269 composite?
False
Is 95591 prime?
False
Is 9533 a prime number?
True
Is 47681 composite?
False
Is 901841 a composite number?
False
Is 17813 a prime number?
False
Is 5087 a composite number?
False
Is 8051 a prime number?
False
Is 12439 prime?
False
Is 5273 composite?
False
Is 2342378 prime?
False
Is 541 composite?
False
Is 27011 a composite number?
False
Is 171179 a prime number?
True
Is 234647 a prime number?
False
Is 2816435 composite?
True
Is 105713 a composite number?
True
Is 29447 prime?
False
Is 13997 a prime number?
True
Is 342899 a composite number?
False
Is 284407 composite?
False
Is 542105 composite?
True
Is 548081 composite?
True
Is 6443 composite?
True
Is 4513 a prime number?
True
Is 349903 a prime number?
True
Is 213751 a composite number?
False
Is 1207147 a prime number?
True
Is 336695 prime?
False
Is 1545631 composite?
True
Is 273363 composite?
True
Is 89561 composite?
False
Is 1336091 composite?
False
Is 267043 composite?
True
Is 419 a prime number?
True
Is 26339 prime?
True
Is 28139 a prime number?
False
Is 307 a composite number?
False
Is 16109 composite?
True
Is 7237 composite?
False
Is 58757 prime?
True
Is 30109 prime?
True
Is 5447 a prime number?
False
Is 231779 a prime number?
True
Is 1510877 composite?
False
Is 4499 a prime number?
False
Is 11633 prime?
True
Is 3079 composite?
False
Is 62383 a prime number?
True
Is 2579 a prime number?
True
Is 12473 a composite number?
False
Is 9601 a composite number?
False
Is 6049 composite?
True
Is 1005922 composite?
True
Is 13291 prime?
True
Is 1699717 prime?
True
Is 511793 composite?
False
Is 22234 composite?
True
Is 384509 prime?
True
Is 15905 prime?
False
Is 1380039 composite?
True
Is 29467 a prime number?
False
Is 904019 prime?
True
Is 410383 a prime number?
True
Is 18517 a composite number?
False
Is 170801 a composite number?
False
Is 230107 a prime number?
True
Is 24169 a prime number?
True
Is 2843 a composite number?
False
Is 55 a prime number?
False
Is 17401 a prime number?
True
Is 328709 a composite number?
False
Is 33731 prime?
False
Is 286859 a composite number?
False
Is 64747 prime?
True
Is 16787 a prime number?
True
Is 7897471 composite?
False
Is 1779 prime?
False
Is 235919 a prime number?
True
Is 4397371 a composite number?
True
Is 4197 a prime number?
False
Is 23603 composite?
False
Is 389437 prime?
True
Is 154961 a prime number?
False
Is 22109 a prime number?
True
Is 13126 a composite number?
True
Is 86971 composite?
True
Is 16143 a composite number?
True
Is 44293 a composite number?
False
Is 2387807 a prime number?
True
Is 211493 composite?
False
Is 12941 a composite number?
False
Is 71317 prime?
True
Is 15133 composite?
True
Is 1330183 a prime number?
False
Is 22985 composite?
True
Is 50603 composite?
True
Is 365647 prime?
False
Is 77131 composite?
True
Is 11287 prime?
True
Is 4217669 composite?
False
Is 8209 composite?
False
Is 1032047 a composite number?
False
Is 1823 prime?
True
Is 397 a composite number?
False
Is 55561 composite?
True
Is 42331 a composite number?
False
Is 178217 composite?
True
Is 13274 a composite number?
True
Is 4391 composite?
False
Is 100733 composite?
False
Is 92249 prime?
False
Is 33563 composite?
False
Is 1437 a composite number?
True
Is 239665 a prime number?
False
Is 52667 a composite number?
False
Is 18721 prime?
False
Is 7861 composite?
True
Is 3659 a prime number?
True
Is 32251 a composite number?
False
Is 45941 a prime number?
False
Is 20887 a composite number?
False
Is 413849 a prime number?
True
Is 4897 a prime number?
False
Is 174799 composite?
False
Is 2198481 composite?
True
Is 454173 a composite number?
True
Is 1036153 composite?
False
Is 5701 composite?
False
Is 3681785 prime?
False
Is 4341 prime?
False
Is 65249 composite?
True
Is 108587 prime?
True
Is 5305 prime?
False
Is 11369 prime?
True
Is 11387 composite?
True
Is 8081 a prime number?
True
Is 1224511 prime?
False
Is 58787 a composite number?
False
Is 1074254 composite?
True
Is 96697 a prime number?
True
Is 473299 composite?
True
Is 65881 composite?
False
Is 469529 a prime number?
True
Is 38687 prime?
False
Is 10061 prime?
True
Is 207743 prime?
True
Is 347889 a prime number?
False
Is 13829 prime?
True
Is 23774 prime?
False
Is 125681 composite?
True
Is 127039 a composite number?
True
Is 2551 prime?
True
Is 219151 a composite number?
True
Is 16503 prime?
False
Is 31219 a composite number?
False
Is 59507 a prime number?
False
Is 41333 a composite number?
False
Is 4733 a composite number?
False
Is 1294691 prime?
True
Is 6506 prime?
False
Is 50665 a prime number?
False
Is 67243 a prime number?
False
Is 5731 a composite number?
True
Is 11677 a prime number?
True
Is 91787 a prime number?
False
Is 25577 a composite number?
False
Is 47737 prime?
True
Is 171111 composite?
True
Is 32569 composite?
False
Is 8571 composite?
True
Is 7099 prime?
False
Is 99643 a composite number?
False
Is 1349 prime?
False
Is 286105 prime?
False
Is 1579 a composite number?
False
Is 51239 prime?
True
Is 66083 prime?
True
Is 153727 composite?
True
Is 289967 a prime number?
True
Is 5299 prime?
False
Is 103 a composite number?
False
Is 114827 composite?
False
Is 1478 a prime number?
False
Is 1957949 a prime number?
False
Is 34123 prime?
True
Is 24071 a prime number?
True
Is 635053 a prime number?
False
Is 108623 a composite number?
True
Is 414311 prime?
True
Is 29651 a composite number?
True
Is 154753 a prime number?
True
Is 193423 a prime number?
True
Is 92773 prime?
False
Is 1985 a prime number?
False
Is 48149 a prime number?
False
Is 405157 a composite number?
False
Is 509203 prime?
True
Is 1300237 a composite number?
False
Is 367295 composite?
True
Is 129359 prime?
False
Is 29901 composite?
True
Is 7477 a prime number?
True
Is 736581 composite?
True
Is 320077 a composite number?
True
Is 1245499 a prime number?
False
Is 29527 composite?
False
Is 8819 prime?
True
Is 17827 prime?
True
Is 377117 prime?
False
Is 156419 a prime number?
True
Is 126127 a composite number?
False
Is 203465 a composite number?
True
Is 841151 a composite number?
True
Is 87473 composite?
False
Is 628589 composite?
True
Is 17957 a prime number?
True
Is 22051 composite?
False
Is 142261 a composite number?
True
Is 127 a composite number?
False
Is 991 prime?
True
Is 11101 prime?
False
Is 13349 a prime number?
False
Is 13701 a prime number?
False
Is 10973 composite?
False
Is 34057 a composite number?
False
Is 1217 a prime number?
True
Is 129849 a composite number?
True
Is 119531 prime?
False
Is 16751 prime?
False
Is 23501 prime?
False
Is 19919 a composite number?
False
Is 130927 a composite number?
False
Is 328249 a prime number?
True
Is 39099 prime?
False
Is 107335 composite?
True
Is 8999 prime?
True
Is 16637 a composite number?
True
Is 1897687 composite?
True
Is 428221 a composite number?
False
Is 135719 composite?
False
Is 1422101 a composite number?
True
Is 23189 prime?
True
Is 749 a composite number?
True
Is 5489 a prime number?
False
Is 48053 composite?
True
Is 238834 a prime number?
False
Is 7283 a composite number?
False
Is 1460651 composite?
False
Is 10981 prime?
False
Is 59 a composite number?
False
Is 61073 a composite number?
True
Is 13238 prime?
False
Is 2484539 composite?
False
Is 7309 a composite number?
False
Is 107279 composite?
False
Is 1565 a composite